{"id":1675,"date":"2022-10-29T14:31:02","date_gmt":"2022-10-29T12:31:02","guid":{"rendered":"https:\/\/darse.fr\/v2\/?page_id=1675"},"modified":"2022-10-29T14:31:02","modified_gmt":"2022-10-29T12:31:02","slug":"la-sagitta","status":"publish","type":"page","link":"https:\/\/darse.fr\/v2\/?page_id=1675","title":{"rendered":"La Sagitta"},"content":{"rendered":"\n<figure class=\"wp-block-image size-full\"><img data-recalc-dims=\"1\" loading=\"lazy\" decoding=\"async\" width=\"250\" height=\"212\" src=\"https:\/\/i0.wp.com\/darse.fr\/v2\/wp-content\/uploads\/2022\/10\/Sagitta_041.jpeg?resize=250%2C212&#038;ssl=1\" alt=\"\" class=\"wp-image-1676\"\/><\/figure>\n\n\n\n<figure class=\"wp-block-table\"><table><tbody><tr><td>LA SAGITTA. 1926\u00a0\u00a0<br><br>Commune :\u00a0Villefranche-sur-Mer<br>Canton :\u00a0Villefranche-sur-Mer<br><br>D\u00e9nomination du sujet photographi\u00e9:\u00a0LA SAGITTA<br><br>Class\u00e9 aux Monuments historiques et ann\u00e9e:<br><br>Inscrit aux Monuments historiques et ann\u00e9e:<br><strong><br><\/strong><br>Datation:\u00a01926<br><strong><br>LEGENDE<\/strong><br>Auteur(artiste, architecte, etc.)<br><br>Mat\u00e9riaux, technique, dimensions:\u00a0POINTU EN BOIS<br><br>Localisation pr\u00e9cise(n\u00b0 et nom de la rue, nom du lieu-dit, nom de l\u2019\u00e9difice):\u00a0LA DARSE DE VILLEFRANCHE<br><br><strong>NOTICE<\/strong><br>Une des raisons de l\u2019installation d\u2019un laboratoire de zoologie marine \u00e0 Villefranche est la diversit\u00e9 de la faune p\u00e9lagique qu\u2019on y trouve, plus sp\u00e9cialement du zooplancton, en raison de la grande profondeur de la rade, \u00e0 l\u2019ouvert d\u2019un profond canyon sous-marin, s\u2019enfon\u00e7ant au large \u00e0 plus de 2000 m de profondeur. Pour leurs travaux d\u2019observations, les chercheurs doivent tous les jours effectuer dans la rade des pr\u00e9l\u00e8vements de plancton. Dans les ann\u00e9es 1930, la Sagitta, pointu de 7,50 m prend la rel\u00e8ve de la V\u00e9lelle, yacht \u00e0 moteur achet\u00e9 par les Russes en 1900. Infatigablement, ce bateau, mont\u00e9 par un marin du pays, effectuera ses p\u00eaches en toutes saisons, souvent deux fois par jour. D\u00e9class\u00e9 en 1994, repris par la municipalit\u00e9 et confi\u00e9 \u00e0 l\u2019association des Bateliers Plaisanciers, il est maintenant le porte drapeau de toute la flottille des pointus de Villefranche et participe \u00e0 toutes les f\u00eates nautiques\u00a0<\/td><\/tr><\/tbody><\/table><\/figure>\n\n\n\n<div style=\"height:100px\" aria-hidden=\"true\" class=\"wp-block-spacer\"><\/div>\n","protected":false},"excerpt":{"rendered":"<p>LA SAGITTA. 1926\u00a0\u00a0 Commune :\u00a0Villefranche-sur-MerCanton :\u00a0Villefranche-sur-Mer D\u00e9nomination du sujet photographi\u00e9:\u00a0LA SAGITTA Class\u00e9 aux Monuments historiques &hellip;<\/p>\n","protected":false},"author":1,"featured_media":0,"parent":0,"menu_order":0,"comment_status":"closed","ping_status":"closed","template":"","meta":{"footnotes":""},"class_list":["post-1675","page","type-page","status-publish","hentry"],"jetpack_sharing_enabled":true,"_links":{"self":[{"href":"https:\/\/darse.fr\/v2\/index.php?rest_route=\/wp\/v2\/pages\/1675","targetHints":{"allow":["GET"]}}],"collection":[{"href":"https:\/\/darse.fr\/v2\/index.php?rest_route=\/wp\/v2\/pages"}],"about":[{"href":"https:\/\/darse.fr\/v2\/index.php?rest_route=\/wp\/v2\/types\/page"}],"author":[{"embeddable":true,"href":"https:\/\/darse.fr\/v2\/index.php?rest_route=\/wp\/v2\/users\/1"}],"replies":[{"embeddable":true,"href":"https:\/\/darse.fr\/v2\/index.php?rest_route=%2Fwp%2Fv2%2Fcomments&post=1675"}],"version-history":[{"count":1,"href":"https:\/\/darse.fr\/v2\/index.php?rest_route=\/wp\/v2\/pages\/1675\/revisions"}],"predecessor-version":[{"id":1677,"href":"https:\/\/darse.fr\/v2\/index.php?rest_route=\/wp\/v2\/pages\/1675\/revisions\/1677"}],"wp:attachment":[{"href":"https:\/\/darse.fr\/v2\/index.php?rest_route=%2Fwp%2Fv2%2Fmedia&parent=1675"}],"curies":[{"name":"wp","href":"https:\/\/api.w.org\/{rel}","templated":true}]}}

<figure class="wp-block-image size-full"><img data-recalc-dims="1" loading="lazy" decoding="async" width="250" height="212" src="https://i0.wp.com/darse.fr/v2/wp-content/uploads/2022/10/Sagitta_041.jpeg?resize=250%2C212&#038;ssl=1" alt="" class="wp-image-1676"/></figure>



<figure class="wp-block-table"><table><tbody><tr><td>LA SAGITTA. 1926  <br><br>Commune : Villefranche-sur-Mer<br>Canton : Villefranche-sur-Mer<br><br>Dénomination du sujet photographié: LA SAGITTA<br><br>Classé aux Monuments historiques et année:<br><br>Inscrit aux Monuments historiques et année:<br><strong><br></strong><br>Datation: 1926<br><strong><br>LEGENDE</strong><br>Auteur(artiste, architecte, etc.)<br><br>Matériaux, technique, dimensions: POINTU EN BOIS<br><br>Localisation précise(n° et nom de la rue, nom du lieu-dit, nom de l’édifice): LA DARSE DE VILLEFRANCHE<br><br><strong>NOTICE</strong><br>Une des raisons de l’installation d’un laboratoire de zoologie marine à Villefranche est la diversité de la faune pélagique qu’on y trouve, plus spécialement du zooplancton, en raison de la grande profondeur de la rade, à l’ouvert d’un profond canyon sous-marin, s’enfonçant au large à plus de 2000 m de profondeur. Pour leurs travaux d’observations, les chercheurs doivent tous les jours effectuer dans la rade des prélèvements de plancton. Dans les années 1930, la Sagitta, pointu de 7,50 m prend la relève de la Vélelle, yacht à moteur acheté par les Russes en 1900. Infatigablement, ce bateau, monté par un marin du pays, effectuera ses pêches en toutes saisons, souvent deux fois par jour. Déclassé en 1994, repris par la municipalité et confié à l’association des Bateliers Plaisanciers, il est maintenant le porte drapeau de toute la flottille des pointus de Villefranche et participe à toutes les fêtes nautiques </td></tr></tbody></table></figure>



<div style="height:100px" aria-hidden="true" class="wp-block-spacer"></div>

<p>LA SAGITTA. 1926   Commune : Villefranche-sur-MerCanton : Villefranche-sur-Mer Dénomination du sujet photographié: LA SAGITTA Classé aux Monuments historiques &hellip;</p>
