{"id":2562,"date":"2022-11-22T19:51:44","date_gmt":"2022-11-22T18:51:44","guid":{"rendered":"https:\/\/darse.fr\/v2\/?page_id=2562"},"modified":"2023-01-15T17:21:49","modified_gmt":"2023-01-15T16:21:49","slug":"corderie-2","status":"publish","type":"page","link":"https:\/\/darse.fr\/v2\/?page_id=2562","title":{"rendered":"CORDERIE"},"content":{"rendered":"<h1 class=\"has-text-align-center has-larger-font-size\" style=\"text-align: center;\"><strong>La corderie<\/strong><\/h1>\n<p class=\"wp-block-image aligncenter is-resized\"><figcaption class=\"wp-element-caption\"><em><a href=\"https:\/\/i0.wp.com\/darse.fr\/v2\/wp-content\/uploads\/2022\/11\/corderie_-recente.jpeg?ssl=1\"><img data-recalc-dims=\"1\" loading=\"lazy\" decoding=\"async\" class=\"aligncenter wp-image-2212\" src=\"https:\/\/i0.wp.com\/darse.fr\/v2\/wp-content\/uploads\/2022\/11\/corderie_-recente.jpeg?resize=561%2C421&#038;ssl=1\" alt=\"\" width=\"561\" height=\"421\" srcset=\"https:\/\/i0.wp.com\/darse.fr\/v2\/wp-content\/uploads\/2022\/11\/corderie_-recente.jpeg?resize=300%2C225&amp;ssl=1 300w, https:\/\/i0.wp.com\/darse.fr\/v2\/wp-content\/uploads\/2022\/11\/corderie_-recente.jpeg?resize=358%2C269&amp;ssl=1 358w, https:\/\/i0.wp.com\/darse.fr\/v2\/wp-content\/uploads\/2022\/11\/corderie_-recente.jpeg?w=425&amp;ssl=1 425w\" sizes=\"auto, (max-width: 561px) 100vw, 561px\" \/><\/a><br \/>\nLa corderie de la darse<\/em><\/figcaption><\/p>\n<p>D\u00e8s l\u2019entr\u00e9e de la Darse, autrefois ferm\u00e9e et gard\u00e9e par un poste militaire, s\u2019impose \u00e0 la vue un tr\u00e8s long b\u00e2timent de 165 m sur 6 m de large. Il s\u2019agit de l\u2019ancienne corderie, dernier \u00e9l\u00e9ment du port construit \u00e0 partir de 1772, sous Charles Emmanuel III. A l\u2019origine d\u2019un seul niveau elle servait \u00e0 la confection des cordages en chanvre n\u00e9cessaires \u00e0 l\u2019armement des fr\u00e9gates qui ont \u00e9t\u00e9 introduites en plus des gal\u00e8res depuis 1762. L\u2019activit\u00e9 de corderie n\u2019a pas dur\u00e9 plus de 20 ans, jusqu\u2019\u00e0 l\u2019arriv\u00e9e des arm\u00e9es r\u00e9volutionnaires fran\u00e7aises en 1792. Un plan dat\u00e9 de 1836 montre un projet de transformation de la corderie en bagne. A t\u2019il \u00e9t\u00e9 r\u00e9alis\u00e9, le bagne ayant \u00e9t\u00e9 ferm\u00e9 quelques ann\u00e9es plus tard ?<\/p>\n<p class=\"has-text-align-center\"><img data-recalc-dims=\"1\" loading=\"lazy\" decoding=\"async\" class=\"wp-image-2214 animate-lazy\" src=\"https:\/\/i0.wp.com\/darse.fr\/v2\/wp-content\/uploads\/2022\/11\/corderie-plan-scaled.jpeg?resize=1249%2C269&#038;ssl=1\" sizes=\"auto, (max-width: 2560px) 100vw, 2560px\" srcset=\"https:\/\/darse.fr\/v2\/wp-content\/uploads\/2022\/11\/corderie-plan-scaled.jpeg 2560w, https:\/\/darse.fr\/v2\/wp-content\/uploads\/2022\/11\/corderie-plan-300x65.jpeg 300w, https:\/\/darse.fr\/v2\/wp-content\/uploads\/2022\/11\/corderie-plan-1024x220.jpeg 1024w, https:\/\/darse.fr\/v2\/wp-content\/uploads\/2022\/11\/corderie-plan-768x165.jpeg 768w, https:\/\/darse.fr\/v2\/wp-content\/uploads\/2022\/11\/corderie-plan-1536x330.jpeg 1536w, https:\/\/darse.fr\/v2\/wp-content\/uploads\/2022\/11\/corderie-plan-2048x440.jpeg 2048w, https:\/\/darse.fr\/v2\/wp-content\/uploads\/2022\/11\/corderie-plan-358x77.jpeg 358w\" alt=\"\" width=\"1249\" height=\"269\" \/><\/p>\n<p class=\"has-text-align-center\"><em>plan de transformation de la corderie en bagne, 1836<\/em><\/p>\n<p>&nbsp;<\/p>\n<p class=\"has-text-align-center\"><img data-recalc-dims=\"1\" loading=\"lazy\" decoding=\"async\" class=\"wp-image-2253 animate-lazy\" src=\"https:\/\/i0.wp.com\/darse.fr\/v2\/wp-content\/uploads\/2022\/11\/corderie_ancienne-1.jpeg?resize=425%2C283&#038;ssl=1\" sizes=\"auto, (max-width: 425px) 100vw, 425px\" srcset=\"https:\/\/darse.fr\/v2\/wp-content\/uploads\/2022\/11\/corderie_ancienne-1.jpeg 425w, https:\/\/darse.fr\/v2\/wp-content\/uploads\/2022\/11\/corderie_ancienne-1-300x200.jpeg 300w, https:\/\/darse.fr\/v2\/wp-content\/uploads\/2022\/11\/corderie_ancienne-1-358x238.jpeg 358w\" alt=\"\" width=\"425\" height=\"283\" \/><\/p>\n<p class=\"has-text-align-center\"><em>La corderie au d\u00e9but du 20<sup>\u00e8me<\/sup>\u00a0si\u00e8cle<\/em><\/p>\n<p>Pendant la troisi\u00e8me r\u00e9publique, le b\u00e2timent est transform\u00e9 en caserne, la caserne Nicolas, qui abrite les troupes, les mulets, chevaux et \u00e2nes du 24<sup>\u00e8me<\/sup>\u00a0bataillon de Chasseurs Alpins (BCA) de 1876 \u00e0 1939.<\/p>\n<p>Au d\u00e9but du XX<sup>\u00e8me<\/sup>\u00a0si\u00e8cle la caserne a \u00e9t\u00e9 sur\u00e9lev\u00e9e d\u2019un \u00e9tage tout en conservant sa structure d\u2019origine bas\u00e9e sur la r\u00e9p\u00e9tition sur toute la longueur du b\u00e2timent de 33 fois le m\u00eame motif architectural de 5 m d\u2019extension, chacun ayant une ouverture, fen\u00eatre ou porte selon le niveau.<\/p>\n<p class=\"has-text-align-center\"><img data-recalc-dims=\"1\" loading=\"lazy\" decoding=\"async\" class=\"wp-image-2218 animate-lazy\" src=\"https:\/\/i0.wp.com\/darse.fr\/v2\/wp-content\/uploads\/2022\/11\/corderie-chasseurs-alpins.jpeg?resize=1249%2C923&#038;ssl=1\" sizes=\"auto, (max-width: 1377px) 100vw, 1377px\" srcset=\"https:\/\/darse.fr\/v2\/wp-content\/uploads\/2022\/11\/corderie-chasseurs-alpins.jpeg 1377w, https:\/\/darse.fr\/v2\/wp-content\/uploads\/2022\/11\/corderie-chasseurs-alpins-300x222.jpeg 300w, https:\/\/darse.fr\/v2\/wp-content\/uploads\/2022\/11\/corderie-chasseurs-alpins-1024x757.jpeg 1024w, https:\/\/darse.fr\/v2\/wp-content\/uploads\/2022\/11\/corderie-chasseurs-alpins-768x568.jpeg 768w, https:\/\/darse.fr\/v2\/wp-content\/uploads\/2022\/11\/corderie-chasseurs-alpins-358x265.jpeg 358w\" alt=\"\" width=\"1249\" height=\"923\" \/><\/p>\n<p>Apr\u00e8s la derni\u00e8re guerre, un R\u00e9giment de Tirailleurs Marocains (RTM) y est install\u00e9 jusqu\u2019en 1946. Les tirailleurs alg\u00e9riens suivent, ainsi que le 159<sup>\u00e8me<\/sup>\u00a0R\u00e9giment d\u2019Infanterie Alpine (RIA) jusqu\u2019en 1951.<\/p>\n<p>Par la suite, la partie nord de la caserne re\u00e7oit des bureaux, une poste et un magasin \u00e0 l\u2019usage des marins am\u00e9ricains de la VI<sup>\u00e8me<\/sup>\u00a0flotte jusqu\u2019au retrait de la France du commandement militaire int\u00e9gr\u00e9 de l\u2019OTAN, en 1967. Les locaux restant sont lou\u00e9s \u00e0 des artisans.<\/p>\n<p>Propri\u00e9t\u00e9 du Minist\u00e8re des Arm\u00e9es, le b\u00e2timent, c\u00e9d\u00e9 \u00e0 l\u2019\u00c9ducation Nationale, est attribu\u00e9 \u00e0 la Facult\u00e9 des Sciences de Paris (Sorbonne) en 1962. Le laboratoire de G\u00e9odynamique sous-marine s\u2019installe dans la partie nord, celui de physique et chimie marines dans la partie sud. Actuellement l\u2019ensemble appartient \u00e0 Sorbonne Universit\u00e9 (Institut de la mer de Villefranche, associ\u00e9 au Centre National de la Recherche Scientifique).<\/p>\n<div class=\"wp-block-spacer\" aria-hidden=\"true\"><\/div>\n","protected":false},"excerpt":{"rendered":"<p>La corderie La corderie de la darse D\u00e8s l\u2019entr\u00e9e de la Darse, autrefois ferm\u00e9e et &hellip;<\/p>\n","protected":false},"author":1,"featured_media":0,"parent":0,"menu_order":0,"comment_status":"closed","ping_status":"closed","template":"","meta":{"footnotes":""},"class_list":["post-2562","page","type-page","status-publish","hentry"],"jetpack_sharing_enabled":true,"_links":{"self":[{"href":"https:\/\/darse.fr\/v2\/index.php?rest_route=\/wp\/v2\/pages\/2562","targetHints":{"allow":["GET"]}}],"collection":[{"href":"https:\/\/darse.fr\/v2\/index.php?rest_route=\/wp\/v2\/pages"}],"about":[{"href":"https:\/\/darse.fr\/v2\/index.php?rest_route=\/wp\/v2\/types\/page"}],"author":[{"embeddable":true,"href":"https:\/\/darse.fr\/v2\/index.php?rest_route=\/wp\/v2\/users\/1"}],"replies":[{"embeddable":true,"href":"https:\/\/darse.fr\/v2\/index.php?rest_route=%2Fwp%2Fv2%2Fcomments&post=2562"}],"version-history":[{"count":12,"href":"https:\/\/darse.fr\/v2\/index.php?rest_route=\/wp\/v2\/pages\/2562\/revisions"}],"predecessor-version":[{"id":3380,"href":"https:\/\/darse.fr\/v2\/index.php?rest_route=\/wp\/v2\/pages\/2562\/revisions\/3380"}],"wp:attachment":[{"href":"https:\/\/darse.fr\/v2\/index.php?rest_route=%2Fwp%2Fv2%2Fmedia&parent=2562"}],"curies":[{"name":"wp","href":"https:\/\/api.w.org\/{rel}","templated":true}]}}