{"id":5781,"date":"2024-11-12T21:53:16","date_gmt":"2024-11-12T20:53:16","guid":{"rendered":"https:\/\/darse.fr\/v2\/?page_id=5781"},"modified":"2024-11-12T22:01:43","modified_gmt":"2024-11-12T21:01:43","slug":"bienvenido","status":"publish","type":"page","link":"https:\/\/darse.fr\/v2\/?page_id=5781","title":{"rendered":"Bienvenido"},"content":{"rendered":"<div class=\"wp-block-image\">\n<figure class=\"aligncenter size-large\"><img data-recalc-dims=\"1\" loading=\"lazy\" decoding=\"async\" width=\"1024\" height=\"684\" src=\"https:\/\/i0.wp.com\/darse.fr\/v2\/wp-content\/uploads\/2024\/11\/Capture-decran-2024-11-12-a-21.57.27.png?resize=1024%2C684&#038;ssl=1\" alt=\"\" class=\"wp-image-5784\" srcset=\"https:\/\/i0.wp.com\/darse.fr\/v2\/wp-content\/uploads\/2024\/11\/Capture-decran-2024-11-12-a-21.57.27.png?resize=1024%2C684&amp;ssl=1 1024w, https:\/\/i0.wp.com\/darse.fr\/v2\/wp-content\/uploads\/2024\/11\/Capture-decran-2024-11-12-a-21.57.27.png?resize=300%2C200&amp;ssl=1 300w, https:\/\/i0.wp.com\/darse.fr\/v2\/wp-content\/uploads\/2024\/11\/Capture-decran-2024-11-12-a-21.57.27.png?resize=768%2C513&amp;ssl=1 768w, https:\/\/i0.wp.com\/darse.fr\/v2\/wp-content\/uploads\/2024\/11\/Capture-decran-2024-11-12-a-21.57.27.png?resize=1536%2C1025&amp;ssl=1 1536w, https:\/\/i0.wp.com\/darse.fr\/v2\/wp-content\/uploads\/2024\/11\/Capture-decran-2024-11-12-a-21.57.27.png?resize=2048%2C1367&amp;ssl=1 2048w, https:\/\/i0.wp.com\/darse.fr\/v2\/wp-content\/uploads\/2024\/11\/Capture-decran-2024-11-12-a-21.57.27.png?resize=449%2C300&amp;ssl=1 449w, https:\/\/i0.wp.com\/darse.fr\/v2\/wp-content\/uploads\/2024\/11\/Capture-decran-2024-11-12-a-21.57.27.png?resize=375%2C250&amp;ssl=1 375w\" sizes=\"auto, (max-width: 1024px) 100vw, 1024px\" \/><\/figure><\/div>\n\n\n<p>A tiro de piedra de Niza, el puerto de Villefranche-sur-Mer es un lugar atractivo, conocido por el desarrollo de la n\u00e1utica de recreo y los cruceros tur\u00edsticos.<\/p>\n\n\n\n<p>Ba\u00f1ada por las aguas de la cuenca mediterr\u00e1nea (m\u00e1s de 30 millones de a\u00f1os), la rada fue sede de las flotas de guerra inglesa, francesa, rusa y estadounidense.<\/p>\n\n\n\n<p>Su vocaci\u00f3n militar se remonta al siglo XVIII, cuando la ciudad se convirti\u00f3 en arsenal y puerto militar que alberg\u00f3 la flota de galeras de los duques de Saboya, convertidos en reyes de Cerde\u00f1a en 1720.<\/p>\n\n\n\n<p>La privilegiada situaci\u00f3n geogr\u00e1fica de la ciudad atrajo tambi\u00e9n a numerosos cient\u00edficos e investigadores, y en la d\u00e9cada de 1880 se iniciaron en los antiguos edificios del muelle militar investigaciones oceanogr\u00e1ficas, hoy de renombre internacional.<\/p>\n\n\n\n<p>La bah\u00eda de Villefranche, protegida de forma natural, fue probablemente un activo puesto comercial desde la antig\u00fcedad, conocido como \u00abPorto Olivo\u00bb.<\/p>\n\n\n\n<p>El resultado es un lugar de excepcional valor patrimonial. Es este patrimonio mar\u00edtimo el que la Association pour la Sauvegarde du Patrimoine Maritime de Villefranche (ASPMV), fundada en 1995, pretende estudiar, salvaguardar y dar a conocer.<br>a un p\u00fablico amplio<\/p>\n\n\n\n<p>(fuente: introducci\u00f3n de Jean Mascle, presidente de la ASPMV, Anne BROGINI, Eric DE BACKER, Jean-Pierre JARDEL, J\u00e9r\u00f4me MAGAIL, miembros del comit\u00e9 organizador del coloquio \u00abVillefranche y el mar\u00bb, celebrado los d\u00edas 15 y 16 de octubre de 2017, en Actes du Colloque \u00abVillefranche et la mer\u00bb, publicado en 2019 y reeditado en 2022).<\/p>\n\n\n\n<ul class=\"wp-block-list\">\n<li><\/li>\n<\/ul>\n","protected":false},"excerpt":{"rendered":"<p>A tiro de piedra de Niza, el puerto de Villefranche-sur-Mer es un lugar atractivo, conocido &hellip;<\/p>\n","protected":false},"author":1,"featured_media":0,"parent":0,"menu_order":0,"comment_status":"closed","ping_status":"closed","template":"","meta":{"footnotes":""},"class_list":["post-5781","page","type-page","status-publish","hentry"],"jetpack_sharing_enabled":true,"_links":{"self":[{"href":"https:\/\/darse.fr\/v2\/index.php?rest_route=\/wp\/v2\/pages\/5781","targetHints":{"allow":["GET"]}}],"collection":[{"href":"https:\/\/darse.fr\/v2\/index.php?rest_route=\/wp\/v2\/pages"}],"about":[{"href":"https:\/\/darse.fr\/v2\/index.php?rest_route=\/wp\/v2\/types\/page"}],"author":[{"embeddable":true,"href":"https:\/\/darse.fr\/v2\/index.php?rest_route=\/wp\/v2\/users\/1"}],"replies":[{"embeddable":true,"href":"https:\/\/darse.fr\/v2\/index.php?rest_route=%2Fwp%2Fv2%2Fcomments&post=5781"}],"version-history":[{"count":3,"href":"https:\/\/darse.fr\/v2\/index.php?rest_route=\/wp\/v2\/pages\/5781\/revisions"}],"predecessor-version":[{"id":5788,"href":"https:\/\/darse.fr\/v2\/index.php?rest_route=\/wp\/v2\/pages\/5781\/revisions\/5788"}],"wp:attachment":[{"href":"https:\/\/darse.fr\/v2\/index.php?rest_route=%2Fwp%2Fv2%2Fmedia&parent=5781"}],"curies":[{"name":"wp","href":"https:\/\/api.w.org\/{rel}","templated":true}]}}