{"id":86,"date":"2022-02-22T19:21:32","date_gmt":"2022-02-22T18:21:32","guid":{"rendered":"http:\/\/darse\/?page_id=86"},"modified":"2026-02-18T11:13:10","modified_gmt":"2026-02-18T10:13:10","slug":"accueil2","status":"publish","type":"page","link":"https:\/\/darse.fr\/v2\/","title":{"rendered":"Accueil_"},"content":{"rendered":"<div class=\"wp-block-image\">\n<figure data-wp-context=\"{&quot;imageId&quot;:&quot;69d7268c0220d&quot;}\" data-wp-interactive=\"core\/image\" class=\"aligncenter size-large wp-lightbox-container\"><img data-recalc-dims=\"1\" loading=\"lazy\" decoding=\"async\" width=\"1024\" height=\"684\" data-wp-class--hide=\"state.isContentHidden\" data-wp-class--show=\"state.isContentVisible\" data-wp-init=\"callbacks.setButtonStyles\" data-wp-on-async--click=\"actions.showLightbox\" data-wp-on-async--load=\"callbacks.setButtonStyles\" data-wp-on-async-window--resize=\"callbacks.setButtonStyles\" src=\"https:\/\/i0.wp.com\/darse.fr\/v2\/wp-content\/uploads\/2024\/11\/Capture-decran-2024-11-12-a-21.57.27.png?resize=1024%2C684&#038;ssl=1\" alt=\"\" class=\"wp-image-5784\" srcset=\"https:\/\/i0.wp.com\/darse.fr\/v2\/wp-content\/uploads\/2024\/11\/Capture-decran-2024-11-12-a-21.57.27.png?resize=1024%2C684&amp;ssl=1 1024w, https:\/\/i0.wp.com\/darse.fr\/v2\/wp-content\/uploads\/2024\/11\/Capture-decran-2024-11-12-a-21.57.27.png?resize=300%2C200&amp;ssl=1 300w, https:\/\/i0.wp.com\/darse.fr\/v2\/wp-content\/uploads\/2024\/11\/Capture-decran-2024-11-12-a-21.57.27.png?resize=768%2C513&amp;ssl=1 768w, https:\/\/i0.wp.com\/darse.fr\/v2\/wp-content\/uploads\/2024\/11\/Capture-decran-2024-11-12-a-21.57.27.png?resize=1536%2C1025&amp;ssl=1 1536w, https:\/\/i0.wp.com\/darse.fr\/v2\/wp-content\/uploads\/2024\/11\/Capture-decran-2024-11-12-a-21.57.27.png?resize=2048%2C1367&amp;ssl=1 2048w, https:\/\/i0.wp.com\/darse.fr\/v2\/wp-content\/uploads\/2024\/11\/Capture-decran-2024-11-12-a-21.57.27.png?resize=449%2C300&amp;ssl=1 449w, https:\/\/i0.wp.com\/darse.fr\/v2\/wp-content\/uploads\/2024\/11\/Capture-decran-2024-11-12-a-21.57.27.png?resize=375%2C250&amp;ssl=1 375w\" sizes=\"auto, (max-width: 1024px) 100vw, 1024px\" \/><button\n\t\t\tclass=\"lightbox-trigger\"\n\t\t\ttype=\"button\"\n\t\t\taria-haspopup=\"dialog\"\n\t\t\taria-label=\"Agrandir l\u2018image\"\n\t\t\tdata-wp-init=\"callbacks.initTriggerButton\"\n\t\t\tdata-wp-on-async--click=\"actions.showLightbox\"\n\t\t\tdata-wp-style--right=\"state.imageButtonRight\"\n\t\t\tdata-wp-style--top=\"state.imageButtonTop\"\n\t\t>\n\t\t\t<svg xmlns=\"http:\/\/www.w3.org\/2000\/svg\" width=\"12\" height=\"12\" fill=\"none\" viewBox=\"0 0 12 12\">\n\t\t\t\t<path fill=\"#fff\" d=\"M2 0a2 2 0 0 0-2 2v2h1.5V2a.5.5 0 0 1 .5-.5h2V0H2Zm2 10.5H2a.5.5 0 0 1-.5-.5V8H0v2a2 2 0 0 0 2 2h2v-1.5ZM8 12v-1.5h2a.5.5 0 0 0 .5-.5V8H12v2a2 2 0 0 1-2 2H8Zm2-12a2 2 0 0 1 2 2v2h-1.5V2a.5.5 0 0 0-.5-.5H8V0h2Z\" \/>\n\t\t\t<\/svg>\n\t\t<\/button><\/figure><\/div>\n\n\n<p class=\"has-text-align-right\"><\/p>\n\n\n\n<p>A quelques encablures de Nice, la rade de Villefranche sur mer est un site attractif, connu pour son d\u00e9veloppement du nautisme de loisirs et des croisi\u00e8res touristiques.<\/p>\n\n\n\n<p>Baign\u00e9e par les eaux du bassin m\u00e9diterran\u00e9en (datant de plus de 30 millions d&rsquo;ann\u00e9es), la rade abrita les flottes de guerre anglaises, fran\u00e7aises, russes et am\u00e9ricaines.<\/p>\n\n\n\n<p>Sa vocation militaire date du XVIII\u00b0 si\u00e8cle, lorsque la cit\u00e9 devint un arsenal et un port militaire qui abrita la flotte de gal\u00e8res des ducs de Savoie, devenus rois de Sardaigne en 1720.<\/p>\n\n\n\n<p>En outre, sa situation g\u00e9ographique privil\u00e9gi\u00e9e a attir\u00e9 nombre de scientifiques et chercheurs, initiant d\u00e8s les ann\u00e9es 1880 la recherche oc\u00e9anographique, aujourd&rsquo;hui de renomm\u00e9e internationale, au sein d&rsquo;anciens b\u00e2timents de la darse militaire.<\/p>\n\n\n\n<p>La baie de Villefranche, naturellement prot\u00e9g\u00e9e, a \u00e9t\u00e9 un comptoir commercial vraisemblablement actif d\u00e8s l&rsquo;Antiquit\u00e9, connu sous le nom de \u00ab\u00a0Porto Olivo\u00a0\u00bb.<\/p>\n\n\n\n<p>Il en r\u00e9sulte un site d&rsquo;une valeur patrimoniale exceptionnelle. C&rsquo;est ce patrimoine maritime que l&rsquo;<strong>A<\/strong>ssociation pour la <strong>S<\/strong>auvegarde du <strong>P<\/strong>atrimoine <strong>M<\/strong>aritime de <strong>V<\/strong>illefranche (ASPMV), cr\u00e9\u00e9e en 1995, a pour buts d&rsquo;\u00e9tudier, de sauvegarder et de faire conna\u00eetre \u00e0 un large public.<\/p>\n\n\n\n<p class=\"has-text-align-right\" style=\"font-size:14px\">(<em>source: introduction de Jean Mascle, pr\u00e9sident de l&rsquo;ASPMV, Anne BROGINI, Eric DE BACKER, Jean-Pierre JARDEL, J\u00e9r\u00f4me MAGAIL, membres du comit\u00e9 d&rsquo;organisation du colloque \u00ab\u00a0Villefranche et la mer\u00a0\u00bb, tenu les 15 et 16 octobre 2017, in Actes du Colloque \u00ab\u00a0Villefranche et la mer\u00a0\u00bb, \u00e9dit\u00e9 en 2019 et r\u00e9\u00e9dit\u00e9 en 2022<\/em>)<\/p>\n\n\n\n<div style=\"height:66px\" aria-hidden=\"true\" class=\"wp-block-spacer\"><\/div>\n\n\n<h3 style=\"text-align: center;\"><a href=\"mailto: aspmv@darse.fr\"><span style=\"font-size: 18pt;\">contacter-nous<\/span> !<\/a><\/h3>\n<\/p>\n<p style=\"text-align: center;\">Nombre de visiteurs du site : <a title=\"compteur de visite\" href=\"https:\/\/www.compteurdevisite.com\"><img decoding=\"async\" class=\"aligncenter\" title=\"compteur de visite\" src=\"https:\/\/counter10.optistats.ovh\/private\/compteurdevisite.php?c=enfrb8fjbxzepsemznjurqusllcepw2s\" alt=\"compteur de visite\" border=\"0\" \/><\/a><\/p>\n\n\n<div style=\"height:100px\" aria-hidden=\"true\" class=\"wp-block-spacer\"><\/div>\n","protected":false},"excerpt":{"rendered":"<p>A quelques encablures de Nice, la rade de Villefranche sur mer est un site attractif, &hellip;<\/p>\n","protected":false},"author":1,"featured_media":5042,"parent":0,"menu_order":2,"comment_status":"closed","ping_status":"closed","template":"","meta":{"footnotes":""},"class_list":["post-86","page","type-page","status-publish","has-post-thumbnail","hentry"],"jetpack_sharing_enabled":true,"_links":{"self":[{"href":"https:\/\/darse.fr\/v2\/index.php?rest_route=\/wp\/v2\/pages\/86","targetHints":{"allow":["GET"]}}],"collection":[{"href":"https:\/\/darse.fr\/v2\/index.php?rest_route=\/wp\/v2\/pages"}],"about":[{"href":"https:\/\/darse.fr\/v2\/index.php?rest_route=\/wp\/v2\/types\/page"}],"author":[{"embeddable":true,"href":"https:\/\/darse.fr\/v2\/index.php?rest_route=\/wp\/v2\/users\/1"}],"replies":[{"embeddable":true,"href":"https:\/\/darse.fr\/v2\/index.php?rest_route=%2Fwp%2Fv2%2Fcomments&post=86"}],"version-history":[{"count":142,"href":"https:\/\/darse.fr\/v2\/index.php?rest_route=\/wp\/v2\/pages\/86\/revisions"}],"predecessor-version":[{"id":6415,"href":"https:\/\/darse.fr\/v2\/index.php?rest_route=\/wp\/v2\/pages\/86\/revisions\/6415"}],"wp:featuredmedia":[{"embeddable":true,"href":"https:\/\/darse.fr\/v2\/index.php?rest_route=\/wp\/v2\/media\/5042"}],"wp:attachment":[{"href":"https:\/\/darse.fr\/v2\/index.php?rest_route=%2Fwp%2Fv2%2Fmedia&parent=86"}],"curies":[{"name":"wp","href":"https:\/\/api.w.org\/{rel}","templated":true}]}}